ts digit of m?
4
Let u = -627 + 414. Let g = -135 - u. What is the units digit of g?
8
Let b be ((-2)/4)/(6/12). Let a be 1670/12 - b/(-6). Let j = a - 65. What is the tens digit of j?
7
Suppose -4*p = -8*p - 12, 5*s - 3*p = 10784. What is the tens digit of s?
5
Suppose -4*d - 2 = -5*d. Let m = 9 - d. What is the units digit of m?
7
Let p = 694 - 324. What is the hundreds digit of p?
3
Let k be 30/(-4)*54/45. Let f be (-4 + -2)*(-6)/k. Let h(u) = -u**3 + u**2 + 7*u - 2. What is the units digit of h(f)?
0
Let v(p) = -6*p**2 - 4*p. Let j be v(3). Let c = 336 + j. Suppose -3*y = 2*y - c. What is the tens digit of y?
5
Let n be ((-2)/(-6))/(13/78). Let z(j) = 19 - n*j + j + 6*j - 4*j. What is the units digit of z(-6)?
3
Suppose -2*t + 498 = 116. What is the hundreds digit of t?
1
Suppose -6*a + 8*a - 2837 = p, -15 = 5*p. What is the hundreds digit of a?
4
Suppose 0 = g - 2*r + 7, 2*g + 0 = 2*r - 6. Suppose -4*f = -23 - g. Suppose -f = -5*j + 74. What is the units digit of j?
6
Let b(v) = 2*v**2 + v. Let s be -2*(-4 - -2 - -1). Suppose g - 1 - s = 0. What is the tens digit of b(g)?
2
Let q(b) = -124*b**2 + 11*b - 22. Let x be q(-6). What is the hundreds digit of x/(-16) - (-3)/(-6)?
2
Let u = 3457 - 679. What is the tens digit of u?
7
Let v be 204/(-21)*21/(-6). Let h be v/6 + (-2)/3. Suppose -5*o + h*f + 0 = -65, 4*f = -3*o + 67. What is the tens digit of o?
1
Let p(m) be the first derivative of 7*m**3/3 - 5*m**2/2 - 62*m - 5. What is the hundreds digit of p(-6)?
2
Suppose 74 = 2*t + 18*p - 19*p, -2*t + 5*p = -74. Let h = 1 - 1. Suppose 18*g - 19*g + t = h. What is the tens digit of g?
3
Suppose 9058 = 5*c - 2*u, -11*c + 8*c + 5432 = -4*u. What is the tens digit of c?
1
Let v(b) = b**2 - 2. Let u be v(-3). Suppose -2*r = -u - 7. What is the units digit of r?
7
Let p = 691 - 527. What is the hundreds digit of p?
1
Suppose -6*s + 4*h = -20524 + 4362, s - 2717 = -4*h. What is the tens digit of s?
9
Let b(f) = -16*f - 3. Suppose -12 = 2*t + 2*t. What is the tens digit of b(t)?
4
Let r = 0 + 0. Suppose -3*s + 4*p = -819, r*p - 15 = 5*p. What is the hundreds digit of s?
2
Suppose 0 = 2*i - 14 + 6. Suppose 0*p - i*p + 4 = 0. Let l(f) = 14*f. What is the units digit of l(p)?
4
Let t = -26 - 12. What is the tens digit of 123/11 - t/(-209)?
1
Let o(c) = 2*c + 19. Let t be o(-8). What is the tens digit of 25/(t + (-15)/6)?
5
Suppose 2*p = c + 44, -4*c + 0*p = -2*p + 164. What is the tens digit of (c/30)/((-2)/93)?
6
Suppose i + 7 = 4*a, a - 3*a + 1 = -i. Suppose 0 = i*r - 0*r - 45. What is the units digit of r?
9
Suppose 5*d - 6796 = -5*j + 2*j, -2*d = 2*j - 4528. What is the thousands digit of j?
2
Let n(s) = -9*s + 125. Let h(u) = 3*u - 42. Let q(f) = 7*h(f) + 2*n(f). What is the tens digit of q(19)?
1
Let t(m) = -m**3 - 5*m**2 - 2*m. Let p be t(-4). Let z = 19 - p. Suppose -j - 3*j - 27 = -c, -c - 2*j = -z. What is the units digit of c?
7
Let t = -16 + 8. Let r(w) = -w**2 - 9*w. Let h be r(t). Suppose -h = 4*f, 3*j + 0*f + 3*f = 69. What is the tens digit of j?
2
Let f = -405 - -886. What is the tens digit of f?
8
Let a = 211 + -206. What is the units digit of a?
5
Suppose 0 = -5*a + 4*n + 101, -n + 10 + 37 = 3*a. Suppose h = 4*m - a - 6, 3*h = -4*m + 43. What is the units digit of m?
7
Suppose 1646 = -16*q + 8574. What is the units digit of q?
3
Suppose -13*m + 16*m = 504. What is the hundreds digit of m?
1
Let i(v) = v - 1. Let t(n) = -1. Let u(p) = 2*i(p) - 6*t(p). Let b be u(-8). What is the tens digit of 80/3 - 16/b?
2
Let i be ((-28)/3)/(12/(-18)). Let p(b) = 3*b**2 + i*b + 2 + 2*b**3 - 33*b + 14*b. What is the units digit of p(3)?
8
Let g be 3/(-5) + (1134/15 - 9). Let j be (7/2)/(1/2). Suppose -g = 5*b - j*b. What is the units digit of b?
3
Suppose 77*n = 33*n + 112068. What is the tens digit of n?
4
Let o be (-9 - (0 + -3))*1. Let v be 68/(-1)*9/o. Suppose -2*g = g - v. What is the tens digit of g?
3
Suppose 6*z + 10*z = 7776. What is the hundreds digit of z?
4
Suppose 4*j = -2*f - 58, -3*j = -2*j + f + 17. Let l be 1 - (j/(-4) - 6). Suppose l*x - 2*m = 4 - 2, 3*x + 5*m - 8 = 0. What is the units digit of x?
1
Suppose 0 = -7*f + 4864 - 2190. What is the tens digit of f?
8
Suppose -2*g - 2*u + 1356 = 0, 3*u + 3358 = 5*g - 0*u. Suppose 0 = -5*o + g - 164. What is the tens digit of o?
0
Let c(f) = -9*f. Let g(x) = -x**3 - 10*x**2 - 9*x - 1. Let d be g(-9). Let y be c(d). Let o = y + 16. What is the units digit of o?
5
Let y(p) = 38*p + 18. Suppose 3 = -v, -5*d + 0*v + 3*v + 34 = 0. What is the tens digit of y(d)?
0
Suppose 4*f = -2*d + 34, -d + 4*d - 1 = -f. Let v(l) = l - 3 + 3 + 11 - 2*l. What is the units digit of v(f)?
1
Let v = 921 - 542. What is the hundreds digit of v?
3
Suppose -2707 = -5*g + 5*b + 11398, 3*g - 5*b - 8465 = 0. What is the hundreds digit of g?
8
Let k(t) = -25*t - 27. Let l = -58 - -48. What is the tens digit of k(l)?
2
Suppose -4*s - 6512 = -2*g, 2727 = -2*g + 3*s + 9234. What is the thousands digit of g?
3
Let j be (17/2)/((-13)/(-182)). Suppose -4*c - 6*t + j = -3*t, t + 99 = 3*c. What is the units digit of c?
2
Suppose 0 = -r, 0*t - 3*t = r - 15. Suppose -i = 3*l - 98, t*l + 0*l + 10 = 0. What is the units digit of i?
4
Let d(f) = -f**2 - 4*f - 1. Let g be d(-3). What is the units digit of 3 - 2 - 230*g/(-4)?
6
Let i = 2654 - 1547. What is the tens digit of i?
0
Let s = 377 - 209. Suppose -s = -14*f + 238. What is the tens digit of f?
2
Let f be (1 + -3)/(4/(-6)). Let a be (f/(-9))/(2/(-66)). Let r = a - 10. What is the units digit of r?
1
Suppose 4 + 11 = 5*f. Suppose 4*p + 68 = -y + 2*y, -f*p + 125 = 2*y. What is the tens digit of y?
6
Suppose -3*a - 2*a = -2870. What is the hundreds digit of a?
5
What is the hundreds digit of 36*((-132)/(-110))/(8/170)?
9
Let c(f) = -f + 4. Let y be c(2). Suppose 0 = 2*o + 3*o - 50. Suppose 5*q - 220 = -6*j + j, o = y*j. What is the tens digit of q?
3
Let m(c) = -c**3 + 11*c**2 + c - 5. Let k be m(11). What is the hundreds digit of -2*(3/k + 218/(-4))?
1
Let m be (-6 + 0)*(-3)/(-3). Let g(x) = -x - 3. Let q be g(m). Suppose -q*o + 52 = -74. What is the tens digit of o?
4
Let l(f) = f**2 - 6*f - 5. Let z be l(7). Suppose -1 = -z*p + 3. Suppose -3*q = -9, 4*w - 6*q - 108 = -p*q. What is the tens digit of w?
3
Let o = 678 + -380. Suppose -3*w + 380 = 2*w - 4*v, 4*w - 2*v = o. Suppose -5*k + w = -103. What is the units digit of k?
5
Let o(k) = k**3 - 8*k + k + 7 - 8*k**2 - 8*k. What is the units digit of o(10)?
7
What is the units digit of (-8307)/(-108) - 1/(-12)?
7
Suppose 6*y - 2 = 10. Suppose i - 3*n - 23 = 19, 10 = y*n. What is the units digit of i?
7
Let d(k) = 24*k - 9. Suppose o - 34 = -31. What is the units digit of d(o)?
3
Let r be 15/6*12/5. Suppose r*c + 0*c - 48 = 0. What is the units digit of c?
8
Let t = 16 + -25. Let l be (0/1)/(t/(-9)). Suppose l = 12*q - 15*q + 9. What is the units digit of q?
3
Suppose -3*j - 5 + 14 = 0. Suppose 16 - 25 = -j*t. What is the units digit of (4/t)/(2/45)?
0
Let n = -16 + 80. Let d = 75 - n. What is the tens digit of d?
1
Let l(z) = 205*z**2 - 30*z - 99. What is the thousands digit of l(-4)?
3
Suppose -3*r + 1388 = g + 46, -1334 = -g - 5*r. What is the thousands digit of g?
1
Let d(p) = 284*p - 409. What is the hundreds digit of d(23)?
1
Suppose 2203*l = 2198*l + 155. What is the units digit of l?
1
Let n = 69 + -64. Suppose -2*z + 100 - 28 = d, 3*z - n*d - 121 = 0. What is the tens digit of z?
3
Suppose -995*q + 1008*q - 19045 = 0. What is the hundreds digit of q?
4
Suppose -11*p + 22517 = 12*p. What is the units digit of p?
9
Let n be 285 - (1 + -3 + 3). Suppose n = 5*p - 31. Suppose -3*z - 21 = -l, 3*l + 0*l + 3*z = p. What is the units digit of l?
1
Let q(z) = 14*z - 9. Let a be q(-3). Let c(f) = -3*f - 5. Let x be c(4). Let l = x - a. What is the tens digit of l?
3
Suppose 0 = h + 3*l - 28, l + l = h - 28. Let b = h + -29. What is the units digit of 3/(-2)*20/b?
0
Let z be (1/(14/24))/(6/21). What is the units digit of (-1 + (3 - 4))/(z/(-189))?
3
Let i(j) = 10*j**2 - 13*j - 18. What is the units digit of i(-10)?
2
Suppose 5*r = 4*h + 40, h - 18 = -2*r + 3*h. Suppose -5*v - r*v + 891 = 0. What is the units digit of v?
9
What is the units digit of (-25 + (4 - -2))*-146?
4
Suppose 2 = -z - 0, 4*d - 2762 = z. What is the tens digit of 